ulate the highest common factor of 4 and c.
1
Let n(k) = -k**3 - 32*k**2 - 30*k + 63. Let s be n(-31). Let h(b) = b**2 + 2*b + 4. Let p be h(0). Calculate the greatest common factor of s and p.
4
Let b = -2510 - -3884. What is the highest common factor of 6 and b?
6
Let w = 35 - 33. Suppose w*y - y + 3*s - 17 = 0, 4*y + s = 68. Calculate the greatest common divisor of 17 and y.
17
Suppose -3*y - 45 + 9 = 0. Let k(j) = -2*j**2 - 26*j - 15. Let h be k(y). Suppose -h*n + 12*n - 27 = 0. Calculate the greatest common divisor of 45 and n.
9
Let z be ((-7)/(-2))/((-69)/(-5520)). Calculate the greatest common factor of z and 35.
35
Let v(c) = 8*c - 5. Let f(z) = 7*z - 5. Let m(a) = 6*f(a) - 5*v(a). Let s be m(7). Let q be 2 + (s + -4 - 4). Calculate the greatest common factor of 1 and q.
1
Suppose -d = -0*d - 85. Let y = 51 - -2. Let g = d - y. Calculate the greatest common factor of 32 and g.
32
Let r = 76 + -32. Suppose -6 = 2*t - r. What is the highest common divisor of 152 and t?
19
Suppose -5*x - 5*g - 377 + 1372 = 0, 0 = -3*x + 5*g + 573. What is the highest common divisor of x and 84?
28
Let w be (-3 + 5 - 1) + 63. Suppose g - w = -9. Calculate the greatest common divisor of 11 and g.
11
Let y(r) = r**2 + r + 12. Let n be y(0). Let s(h) = h**2 - 13*h + 24. Let z be s(12). Calculate the highest common divisor of n and z.
12
Let k(r) = -2*r**3 - 22*r**2 - 28*r + 67. Let w be k(-14). Calculate the greatest common factor of w and 218.
109
Suppose 0 = -3*j - 3*j + 480. Let f = 120 - j. What is the greatest common divisor of f and 5?
5
Let z = 4 - 30. Let j = 16 - z. What is the greatest common factor of j and 21?
21
Let s = 853 - 501. Calculate the greatest common factor of s and 8.
8
Let n be (7/(-14) - -3)/(2/108). What is the highest common divisor of 5 and n?
5
Let f be 1*-1 + 6 + (-4 - 1). Let y be -1 + -17 + (-2)/(-2). Let d be f/(-1) - 357/y. Calculate the greatest common divisor of d and 3.
3
Let n(g) = g - 2. Let d be n(2). Let r be 11 + -2 + d + -2. Suppose 8 = -4*f + 64. What is the highest common factor of r and f?
7
Let v(r) = 32*r - 48. Let k be v(2). Let m = -95 - -223. What is the greatest common divisor of k and m?
16
Let i(h) = 10*h + 12. Let j be i(1). What is the greatest common factor of j and 6?
2
Suppose 63 + 33 = 6*j. Let u be j + -4 + -2*(2 + -1). Calculate the highest common divisor of 55 and u.
5
Let k(s) = -7*s - 74. Let z be k(-9). Suppose -4*r + 3*q = -73, 3*r + 2*q = 58 + 1. Let c = r + z. Calculate the highest common factor of c and 56.
8
Suppose 13*o = 60 - 21. Suppose 4*u = d + 7, -u + 1 + 0 = -d. Calculate the highest common factor of d and o.
1
Suppose 5*i = -15, -2*p = -p - 3*i - 13. Let c be 1/p - 3/24*-22. What is the highest common divisor of c and 33?
3
Suppose -g + 598 = 4*f, 3*g - 444 = -3*f - 0*g. Let x = f - 43. Let r = -63 + x. Calculate the highest common factor of r and 11.
11
Let t(w) = -w**3 - 2*w**2 + 3*w + 65. Let a be t(0). Calculate the highest common factor of a and 117.
13
Let h(b) = 2*b**2 + 6*b - 12. Let f = 65 - 60. Let x be h(f). Suppose 5*r + 3 = 173. What is the greatest common factor of x and r?
34
Suppose 2*c + 70 = -s + 2*s, -4*s = 5*c - 280. Calculate the highest common factor of s and 7.
7
Suppose w - 142 = -2*z + 5*w, z = 5*w + 80. What is the highest common factor of 5 and z?
5
Suppose -6*r = -338 + 86. Calculate the greatest common divisor of 12 and r.
6
Let h be (28/5)/((-2233)/560 - -4). Calculate the highest common divisor of 28 and h.
28
Suppose -110*x = -109*x - 500. What is the highest common factor of 30 and x?
10
Suppose -p + 82 = 5*q, -345*q + 5*p = -340*q - 70. Calculate the greatest common divisor of 6 and q.
2
Let k be (52/(-16) + 3)*-8. Let u be (168/7)/(k - 1). What is the highest common divisor of 192 and u?
24
Suppose -7181 + 1181 = -10*x. What is the highest common divisor of x and 48?
24
Let j be (80/(-12) - -3 - -4)*69. Suppose 6*u - 3*u = 0. Suppose u = 5*m - 200 - 490. What is the highest common factor of m and j?
23
Let w = -41 + 132. Let h = -690 - -703. Calculate the greatest common divisor of w and h.
13
Suppose 22*s - 18*s = 4216. Let r be ((-15)/(-10) - 1) + s/4. What is the highest common factor of 24 and r?
24
Let j = -268 + 77. Let v = 272 + j. Let y = -4 + 13. What is the highest common divisor of y and v?
9
Let n be 8/12 - 336/(-9). Suppose n = 2*k - 0. What is the highest common factor of 95 and k?
19
Suppose 4*w - 4*n - 75 = w, -17 = -w + 4*n. What is the greatest common divisor of 2 and w?
1
Suppose -31 = -2*p - v, 4*p + 4 = -5*v + 63. What is the highest common divisor of p and 512?
16
Let r be (-4)/8*-55 + 4/(-8). What is the highest common factor of r and 18?
9
Let l be 478/6 + 6/180*10. Calculate the greatest common divisor of l and 4.
4
Suppose 5*p = -6*c + c + 665, 2*p = 4*c - 526. Calculate the highest common divisor of 60 and c.
12
Let w be 2*50/(-3)*378/(-72). Calculate the highest common factor of 245 and w.
35
Suppose 2*c - 7*c - 5*n + 10 = 0, 0 = 2*c + 3*n - 5. Let z be 543/12 - c/4. Suppose -12 + 162 = 37*o - 35. Calculate the greatest common divisor of z and o.
5
Let o be ((-4)/(-6))/((-12)/(-666)). Let g = o - -3. Calculate the highest common divisor of g and 5.
5
Let r be 4/(-6) - 208/(-24). Suppose -q + 3*z + 100 = 0, -q + 12 + 80 = -z. Calculate the greatest common divisor of r and q.
8
Suppose c - 4*x - 78 = 0, 4*c + 64*x = 61*x + 274. What is the highest common divisor of c and 385?
35
Let l(t) = 2*t - 8. Suppose 0 = -2*k - 15 + 39. Suppose 15 = 3*a - k. Let j be l(a). Calculate the highest common factor of j and 15.
5
Suppose -2*o + 0*o = -4, -c = -5*o - 27. Calculate the greatest common factor of 592 and c.
37
Suppose 434 + 846 = 10*m. What is the highest common divisor of 192 and m?
64
Suppose 2*y = j - 0*j - 17, 4*j - 2*y = 92. Suppose -j = -14*q + 45. Calculate the greatest common factor of q and 20.
5
Let q(y) = -9*y + 164. Let p be q(-2). What is the greatest common factor of 2 and p?
2
Suppose -451*o = -464*o + 1066. Calculate the highest common factor of o and 3854.
82
Suppose 2*a + 45*p - 659 = 42*p, -3*a - 4*p = -988. Calculate the highest common factor of a and 41.
41
Let o be (2 - 16/6)*-3. Let d be 111/5 + (1/1)/(-5). What is the highest common factor of d and o?
2
Let o be 4674/(-205)*70/(-6). Calculate the highest common divisor of 42 and o.
14
Let k be 101 - (-4)/(-1 + -3). Suppose 19*c = 21*c - k. Calculate the greatest common factor of 20 and c.
10
Let a(u) = -39*u. Let z be a(-1). Let y = 85 - 59. Calculate the highest common factor of y and z.
13
Suppose -9*f = -12*f + 69. Let c(y) = 27*y**2 + 3*y + 1. Let n be c(3). What is the greatest common divisor of n and f?
23
Suppose 0 = d - 0*d - 15. Let v(z) = z**3 - 21*z**2 + 43*z + 25. Let m be v(19). What is the highest common divisor of d and m?
15
Let y be 1/((126/(-122) + 1)/2). Let r = -49 - y. What is the highest common factor of r and 12?
12
Let u be (-1)/(2/60*-3). Let c be u/(-40) - (-7)/(-4) - -16. Calculate the highest common factor of 42 and c.
14
Let x(q) = -q**2 + 20*q - 12. Let z be x(19). Calculate the greatest common factor of 49 and z.
7
Suppose -5*h + 11*x = 7*x - 1078, -x = -h + 215. Suppose 62 = 4*g - h. What is the highest common divisor of 14 and g?
14
Suppose 4*o - 188 = 4*p, -1 = -2*p + 5. Calculate the highest common factor of o and 4.
2
Suppose -135*z = -130*z - 440. What is the greatest common factor of z and 2464?
88
Let v = 35 + -15. Suppose -17*d - 30 = -v*d. Calculate the greatest common factor of d and 110.
10
Let r = -19 + 17. Let g be -4 - 2*1/r. Let j be (4/g)/(4/(-36)). What is the greatest common divisor of j and 84?
12
Suppose 7*n - 311 = 81. What is the greatest common divisor of 40 and n?
8
Let k be (-66)/(-10) + 44/110. Suppose 24*c - 19*c - 1085 = 0. What is the greatest common divisor of c and k?
7
Suppose 7*h + 736 - 2171 = 0. What is the greatest common factor of 123 and h?
41
Let k be 32*1*(-2)/(-2). Suppose i = 5*b - 9, 0 = -3*i - 0*i + 5*b + 13. Suppose i*x + 288 = 12*x. Calculate the highest common factor of k and x.
32
Suppose -6*h - 11*h = -204. What is the highest common divisor of 54 and h?
6
Suppose 3*w + 2*b - 29 = -3*b, 5*b = -2*w + 16. Let k = 6 + -4. Suppose -54 = -y + k*l, 0*l + 49 = y + 3*l. Calc